e value of -1 + 65 - (67 - (122 + -61))?
58
What is the value of -72 + 96 + -3 + 0 - 59?
-38
What is 2 + 21 + -23 - (-36 - -1)?
35
What is the value of -25 + 12 + 9 + -1 + -12?
-17
Calculate 2 - (-75 + -3) - (-7 + -8 + 15).
80
What is the value of (125 - 96) + 7 - 120?
-84
Evaluate (-40 - -11) + -215 + 254.
10
Calculate 130 - (18 + (-13 - (3 - -3)) + 11).
120
(-2 - (19 + -39 + -5) - 19) + -1 + -54
-51
32 + (27 - -49) - (6 + 6)
96
What is the value of -64 - -68 - 68 - 2?
-66
-129 + -18 - -52 - -52
-43
What is 56 - (63 - (-75 + 38))?
-44
What is 93 - (46 + 6) - 15?
26
What is 11 + -7 - (-37 + 128 - 17)?
-70
What is the value of 111 - (53 + -187 - -245)?
0
Evaluate -41 - ((-140 - (-21 + 38)) + 17).
99
What is the value of 8 + (-2 + (0 - (-9 + 10)) - -14)?
19
Calculate -96 + -1 + -26 + -1091 + 1120.
-94
Evaluate -12 + (-2 - -23 - 19) - (-1 + -12).
3
What is -9 - -3 - (-313 + 244)?
63
Evaluate 8 + -30 - -25 - (8 - 37).
32
Calculate 691 + -681 + -3 + -1 + 1 + -109 - -9.
-93
Calculate 123 - ((123 - 127) + (5 - 4 - (2 - 7))).
121
Evaluate -50 + 94 + ((0 - -1) + -3 - (-2 + 4)).
40
What is the value of 405 + -387 + -1 + -2 + -1 + -3 + -16?
-5
What is 43 + (7 - 33) - ((-3 - -2) + 10)?
8
What is the value of (-1 + -12 - 9 - 25) + 12?
-35
108 + (-64 - (-104 + 99))
49
1 - 16 - 1 - (-608 - -222 - -290)
80
What is the value of (9 + 3 - (3 + 1)) + (-12 - (0 + 19))?
-23
-9 + -13 - (17 - 11 - 12)
-16
4 + -54 + 5 + (-75 - -83)
-37
Calculate (5 - -5) + -2 + -45 + 92.
55
Calculate -64 - ((-35 - 5) + -55 + 81).
-50
Calculate -781 + 584 + 144 + -24.
-77
0 - (1 - (-3 + 21) - -30) - 17
-30
Evaluate (4 - 5) + -29 + (-4 + -1 - (-6 - 9)).
-20
What is the value of 2 - ((5 + 1 - 0) + -32 + (9 - -126))?
-107
Evaluate (-67 - (6 - (9 - 6))) + (168 - 161).
-63
What is the value of (6 - 11) + -1 + (-3 + -5 - -3) + 56?
45
What is the value of -14 + 3 + 74 - (14 + -19 - -10)?
58
20 + -31 + -10 + 26
5
3 + -9 + (74 - (73 - 26)) + 6 + 2
29
What is -39 - (12 + (-18 - (8 - 15)) - (0 - 3))?
-43
-117 + (37 - (44 - -10)) - 1
-135
What is 24 + (34 - -30 - 87)?
1
-1 - (20 - 18 - 24)
21
Evaluate (8 + -9 - -34) + -42.
-9
-14 - 0 - -97 - (35 - 31)
79
Calculate 14 - ((-6 - 0) + -12) - -4.
36
Evaluate -65 + (70 - 55) + 34.
-16
Evaluate -14 + (52 - 26) + -63.
-51
What is the value of 18 + -88 + 44 + 5 - -138?
117
7 + (7 + -7 + -29 - (3 - -6))
-31
What is the value of (-2 + -11 - (21 - 39)) + (20 - 2)?
23
What is (-25 - (22 + -71)) + 14?
38
34 - 0 - (-6 - 23 - (93 - 104))
52
What is 18 + (-27 + 10 + -59 - -16)?
-42
Evaluate 10 - (-125 + 23 + -30) - (9 - 3).
136
-6 - 0 - ((-138 - -266) + -189)
55
Evaluate -83 - (0 + 2 - (-90 + 110)).
-65
Calculate (-387 + 382 - (1 - (1 + (1 - -9)))) + -11.
-6
-49 + (17 - (19 - 47))
-4
-59 - (-85 - -17 - -54)
-45
(-13 - -48) + 2 + 86 + -154
-31
-18 + 17 + (63 - -3) + -12
53
151 + -161 + 4 + -106
-112
(659 - 707) + (-2 - 1)
-51
What is the value of (10 - 11 - -2) + -35 - ((0 - 6) + 11)?
-39
What is the value of (578 + -578 - ((2 - 3) + (-11 - -2))) + 9?
19
What is 95 + (47 - 143) - (23 + 2)?
-26
What is the value of 0 - (-8 - -1) - (1 + -1) - (-69 - -74)?
2
Calculate -43 + 1 - ((-62 - -26) + 18).
-24
What is the value of -136 + (-4 - -69 - 2)?
-73
What is (1 - 4) + (-5 + 2 - -11) + (136 - 131)?
10
What is -56 - -15 - (-86 - -57 - -18)?
-30
What is 3 + 1 - ((34 + -13 - 8) + 1) - 37?
-47
What is -2 + (1 - 41) + 12?
-30
Evaluate -60 + 3 - (-686 - -704).
-75
What is 1 - (-1 + -35) - (257 + -268 - 6)?
54
Evaluate (39 - -21) + -107 - (-3 - 15).
-29
Evaluate (-132 - -118 - -24) + (-1 - 1 - -3).
11
108 + (-23 - (-12 + 40))
57
169 + 46 - (107 + 31)
77
2 - (128 - 126 - -56)
-56
What is the value of 30 + -14 + 55 + -37 + (-3 - 1)?
30
What is the value of -48 + 63 - (-14 + 8) - -6?
27
Evaluate 34 - 29 - ((-10 - 2) + 7 + 129).
-119
(-30 - -72) + -27 - (-3 + -20)
38
Calculate 1 - 38 - (1335 + -1389).
17
Evaluate (-69 - -40) + 5 - (-96 + 4).
68
-3 + 18 + -44 - -9 - -4
-16
What is the value of 33 + (10 - (9 - -13) - -23 - 11)?
33
What is 9 - (-57 - (33 - (18 - 5)) - 16)?
102
Calculate 1 - (-4 + (10 - 8 - 6) - -34).
-25
What is the value of 4 + (-1 - 5) - (4 + 62 + 0 + -9)?
-59
What is the value of (10 - 11) + 3 + 0 - 5 - (39 + -11)?
-31
What is (4 - (7 + 5)) + (-135 - -98)?
-45
What is the value of -2 + (5 + -3 + 0 - 2) - (-8584 + 8491)?
91
What is (-38 - (6 + -107)) + -143?
-80
(36 - -2) + (12 + 15 - (18 - -7))
40
What is the value of -5 + -1 + 28 + (21 - 5)?
38
Evaluate -5 + (-18 + (23 - (13 + 0)) - -51).
38
Calculate 1 + (70 - -1 - -2 - (319 - 311)).
66
Calculate (42 - (0 - -64)) + -4.
-26
Calculate -18 + 3 + -10 - (-164 + 186).
-47
Evaluate -126 + (162 - 45 - 34).
-43
Evaluate -19 + -15 + (17 - 12) + 29.
0
Evaluate -22 + (19 - -11) + 44.
52
What is 35 + -24 + 13 + -28?
-4
What is the value of -61 + -2 - (4 + 5 + -10 + 4 + 3)?
-69
What is the value of (1 - 10) + (-2 - -13 - 9 - (-4 - -2))?
-5
Calculate 73 + -42 + 49 + -109.
-29
0 + -1 + 0 + (-42 - -55) + -24 - 26
-38
-23 - (-17 - -2) - 42
-50
-23 - ((-65 - -37) + -55) - 0
60
Evaluate -7 + 2 - (699 - 722).
18
What is 20 - (-30 + -19 - -47)?
22
What is the value of 123 - (12 + 1 + 2 + (-19 - (-30 - -22)))?
119
Evaluate 33 - (-11 - -57 - -38).
-51
What is the value of (-53 - (-4 - 62)) + -1 + 1 + -8?
5
Calculate -4 + (-8 - (14 - 63 - 0)).
37
What is the value of -15 - (11 + 34) - (2 - -16)?
-78
What is the value of 24 + (-32 - (-125 - -113))?
4
Calculate -627 - -593 - (-4 + -75).
45
-82 + 0 + (2953 - 2876) + 0 + 0 + 1
-4
13 + 14 - 3 - (4 + (-11 - -7))
24
18 - (5 + -5 + (-6 - -15) + -12 + 14)
7
Calculate 31 - (-28 - -35) - -22.
46
Calculate 34 + (9 - -2 - 18) + 328 + -311.
44
What is -97 + 187 - 58 - 9?
23
What is the value of 44 + -24 - (5 - (-8 - 2))?
5
What is the value of -10 - ((20 - 9) + (12 - (56 - 14)))?
9
Evaluate -69 + -2 + -33 + 33 + 4 + 5.
-62
Evaluate -43 - (447 - 466 - (1 + -7)).
-30
27 - (64 - (-7 - -29)) - -29
14
What is the value of -3 + 2 + -13 - (-30 + -32)?
48
-17 - (9 - (29 - (13 - 5)))
-5
What is the value of 13 - (12 - ((-12 - -6) + 17 - 10) - -55)?
-53
Calculate -13 + (-1 - 9 - (48 + (-66 - 3))).
-2
-140 - 1 - (-211 + 90 + 86)
-106
What is the value of (1 - -7) + 1261 + -1212?
57
Calculate 34 - (33 + (6 - (-34 + 59))).
20
What is the value of (-41 - -47) + -16 - (3 - (43 + 0 - 1))?
29
Calculate (-40 - -36) + 21 + 4.
21
What is the value of -19 + (29 - 12) + -1 - -54?
51
Evaluate -90 + 5 + 3 + 4 - (-5 + (-7 - -12)).
-78
-39 + -4 + (440 - 456)
-59
4 - ((-7 - -4) + 10 - ((-1 - -14) + 22))
32
What is the value of (9 - (17 + -14)) + (-28 - -33 - (0 - -1))?
10
Evaluate 6 + 9 + (-13 - (16 + -1)) + 2 - -87.
76
What is the value of ((-5 - 1) + 13 - 17) + -69?
-79
28 + (35 - (30 + -83 - -41))
75
14 + 5 - (0 + 0 + (6 - (13 + -6)))
20
What is the value of (4 - 5) + (13 - 28 - (2 + -9))?
-9
What is 16 + 23 + -14 - -35?
60
(-2 + -5 - (27 - (11 + 4))) + -23 + 31
-11
-89 - (-2 + 21 + -46 - -17)
-79
Calculate -35 - -1 - (2915 + -2845).
-104
Calculate (-8 - 9) + (46 - 39) + 44 + 0 + 2.
36
What is (11 - 1 - (39 + 26 + -45 + -5)) + 6?
1
(14 - 31) + (-102 - -50)
-69
Evaluate (3 - (3 - 6)) + (-1468 - -1403).
-59
54 - ((-8 - 13) + 25 - -7)
43
-5 - ((14 - (-12 - (-33 + 4))) + 36)
-38
(-2 + -118 - -11) + 10 - (1 - (9 - 3))
-94
-7 + (-25 - -35 - (67 - -4)) - -17
-51
What is the value of (-1 - (6 + -5)) + -15 + 15 + (15 - 2)?
11
What is -2 - ((2 - -12 - -1) + -218 + 215) - 9?
-23
What is -8 + -1 - ((-5 - -1 - 4) + 61 + -6)?
-56
Evaluate 147 + -162 + 9 + (-2 - 7) + 8.
-7
2 + ((-13 + 25 - 57) + -5 - -9)
-39
Evaluate (-62 - (5 + -90)) + 32.
55
Evaluate (-10 - -2) + -1 + -28 + (89 - 97).
-45
Evaluate (5 + 3 - -40) + (-2 - -16) + 12 + -18.
56
Evaluate ((3 + -1 - 14) + -119 + 123 - -17) + -41.
-32
What is (-4 - -21) + 1 + -2 - 1 - (5 + 102)?
-92
-1951 + 1934 + -2 + -26 + 3
-42
-17 - (10 - (-7 + 27)) - 2 - 71
-80
54 + (30 - -25) + -119
-10
What is 29 - 102 - ((13 - 19) + 15)?
-82
Calculate 28 + 10 + (2 - 25) - -2 - 44.
-27
What is (32 - (1 + -2)) + -62127 + 62150?
56
Evaluate 98 + -145 + (-16 - (3 + 0)).
-66
Evaluate (-23 + -8 + 19 - (-4 - 3)) + 11.
6
What is the value of -3290 + 3339 - (1 + -51)?
99
Calculate (-26 - (-38 + 8)) + (3 - (1 - 1) - -12).
19
What is -351 - -335 - (-1 - 1) - (5 + -22)?
3
What is the value of -4 + 2 + 4 + 9 + (1